 of f(4).
2, 3, 53
Let y(t) be the third derivative of -t**6/20 + t**5/10 + 5*t**4/24 + t**3/3 + 8*t**2. Let k be y(-4). What are the prime factors of 1/((-1)/k*-2)?
3, 7, 11
Let x(c) = 2435*c**2 - 20*c - 18. What are the prime factors of x(-1)?
2437
List the prime factors of (-37)/(259/(-42)) - -17606.
2, 7, 17, 37
Let c = 311 - 267. What are the prime factors of (-22)/c + ((-1642)/(-4) - 1)?
409
Suppose -3*x + 564 - 59548 = -11*x. List the prime factors of x.
73, 101
Let m be 2/3 - ((-96)/(-9) + -3). What are the prime factors of (-1187)/m + (-4)/7?
13
Let z be (6/(-10))/(((-9)/(-10))/(-3)). What are the prime factors of z/((-3)/((-5970)/5))?
2, 199
Suppose -4352*g = -4371*g + 99142. What are the prime factors of g?
2, 2609
Let s(w) = -3*w - 1. Let r be s(-3). Suppose 0 = r*b - 1238 - 242. Let c = -118 + b. What are the prime factors of c?
67
Let k be (-1 + 0 - 203) + -2. Let x = 541 + k. List the prime factors of x.
5, 67
Let l(c) = c**3 - c**2 - c + 69. Suppose -6 = -5*a - 6. Suppose r = -3*r + 12, a = -2*g - 4*r + 12. What are the prime factors of l(g)?
3, 23
Suppose 2 - 9 = -7*x. Let a be 9/(-15)*x*(0 + -85). Suppose -a*v = -53*v + 20. List the prime factors of v.
2, 5
Let n(k) = 12*k**2 + 27*k + 8. Suppose -2*f = -i - 13, -4*f + 3*i + 9 = -16. Let y be n(f). Let j = y - 561. List the prime factors of j.
2, 7
Suppose -11*y + 1742 = -1162. Let p = 137 - y. Let j = -66 - p. List the prime factors of j.
61
Let v(j) = -j**3 + 14*j**2 - 11. Let f be (-5)/(5/(-4)) - -35. Suppose 11*w - 14*w = -f. List the prime factors of v(w).
2, 79
Let d = -586 - -6046. List the prime factors of d.
2, 3, 5, 7, 13
Suppose -34787 - 67302 = -22*r + 212093. What are the prime factors of r?
14281
Let h = 5790 - 3662. Let s = -149 + h. What are the prime factors of s?
1979
Let h be (2 + -1)*(2737 - -19). Suppose 5*k + 2759 = 3*v, -5*k + 3*v - v - h = 0. Let c = -329 - k. List the prime factors of c.
13, 17
Suppose 12*c - 19602 = 8*c - 2*p, 3*c - 4*p = 14685. What are the prime factors of c?
3, 23, 71
Let w = -81043 + 130132. List the prime factors of w.
3, 16363
Let f = 59 + -56. Suppose 2*s = 0, f*h - 4*s + 20 = 7*h. Suppose -h*l + 3*j + 480 = 0, 5*l - j = 3*j + 485. List the prime factors of l.
3, 31
Let w(q) = -7*q - 30. Suppose -62 + 32 = 6*a. Let r be w(a). Suppose -r*c = -1577 + 467. List the prime factors of c.
2, 3, 37
Let u(w) = -w**3 + 8*w**2 - 15*w + 1. Let t be u(6). List the prime factors of (-2)/t + 5387/17.
317
Let l(m) = 10*m**2 + 186*m + 20. What are the prime factors of l(-37)?
2, 3, 569
Suppose -22109 + 179 = -30*i. List the prime factors of i.
17, 43
Suppose g + m - 341 - 2361 = 0, g - 2699 = 2*m. Suppose 8*b = 6763 + g. List the prime factors of b.
7, 13
Let y be ((-3)/(-6))/(2/8). Suppose -y*f = f - 60. Suppose f*b - 900 = 11*b. What are the prime factors of b?
2, 5
Let j(h) = -74*h + 91. Let q be j(5). Let c be -4 + 4 - (2 + 58). Let n = c - q. What are the prime factors of n?
3, 73
Let g(r) = 49*r + 24. Let t(v) be the second derivative of 2*v**3 + 3*v**2 - 21*v. Let n(m) = -2*g(m) + 9*t(m). What are the prime factors of n(8)?
2, 43
Let s(y) = 303*y**3 + 12*y**2 - 114*y + 460. What are the prime factors of s(6)?
2, 29, 283
What are the prime factors of (2 + 2552 - -1) + -8?
3, 283
Let f = -35867 + 97180. List the prime factors of f.
7, 19, 461
Let p(o) = -8*o**3 + 16*o**2 + 27*o - 61. List the prime factors of p(-10).
13, 23, 31
Let t = 51 - -35. Let v = 744 - t. What are the prime factors of v?
2, 7, 47
Let y(r) = 26*r**3 - 5*r + 5*r + 2 - r**2. Suppose 1250*v - 1258*v = -8. What are the prime factors of y(v)?
3
Let v be 6/(-8) - 93/4. Let d(i) = -i**3 - 25*i**2 - 30*i - 28. Let k be d(v). Let w = k + -76. List the prime factors of w.
2, 5
Let a = 248 - 243. Suppose 0 = -3*u - a*f + 2021, 363 = -u + 3*f + 1032. What are the prime factors of u?
2, 3, 7
Let r = 29 - 25. Suppose 4*v = 8, -3*x - r*v = -12 - 5. Suppose -2*g + 4*t = -36, t = x*g + 2*g - 117. What are the prime factors of g?
2, 3
Let b(a) = -11*a**2 - 45*a - 27. Let g(w) = -5*w**2 - 21*w - 12. Let s(j) = -6*b(j) + 13*g(j). Let n = 21 + -11. List the prime factors of s(n).
2, 19
Let k(v) be the second derivative of -v**4/12 + 31*v**3/6 - 33*v**2/2 + 96*v. List the prime factors of k(20).
11, 17
Let p(x) = 12*x**2 - 124*x - 1142. What are the prime factors of p(-51)?
2, 31, 587
Let g(w) = -w**3 - 3*w**2 - 23*w - 18. Let l be (-3)/((-10)/12*2/(-5)). What are the prime factors of g(l)?
3, 5
Let s = 3587 - -14610. What are the prime factors of s?
31, 587
Suppose 4*q - 6564 = -8*a + 3*a, -5*q - a = -8184. Let o = q + -132. What are the prime factors of o?
2, 47
Let m = -221 + 336. Suppose -3*b + 46 = n, -3*n - 4*b + 86 = -n. Let c = m - n. What are the prime factors of c?
2, 3, 13
Let j(s) = -1 - 7*s**2 + 0*s**2 - s + 5*s**2 + 2*s - 3*s - 509*s**3. What are the prime factors of j(-1)?
2, 127
Let m(h) = -2*h + 34. Let a be m(0). Let n = -9 + a. What are the prime factors of n?
5
Let z(k) = 544*k**2 - 2*k - 29. What are the prime factors of z(-5)?
3, 503
Let s = -7 - 58. Let p = 63 + s. List the prime factors of p/10 + 2804/20.
2, 5, 7
Let g(b) = -9 + 187*b + 4 + 2*b**2 - 192*b - b**2. Let w = 37 - 25. What are the prime factors of g(w)?
79
Suppose -21*a = 5*a + 9750. Let b = a + 817. What are the prime factors of b?
2, 13, 17
Let g = -81 + 78. Let s be 3 - (2 - g/3). Suppose 7*b - 10*b + 321 = s. What are the prime factors of b?
107
Let u = -1757 - -1749. Suppose 3*n - 8*n + 365 = 0. What are the prime factors of n - 0*(-2)/u?
73
Let m = -13253 + 22290. What are the prime factors of m?
7, 1291
Suppose 0*d - 5*x = d - 25, -10 = 5*d - 2*x. Suppose 3*w - 8*w + 15 = d. Suppose w*o + 341 = 5*i, -4*i + 2*o + 98 = -174. List the prime factors of i.
67
Suppose -21*v + 199552 + 1896311 = 0. Suppose -38468 + v = 45*d. What are the prime factors of d?
29, 47
Suppose 40*y + 32 = 2*t + 35*y, -2*t = -3*y - 24. Suppose -4*s - 4*p = -620, 0 = 5*s - 11*p + t*p - 815. What are the prime factors of s?
3, 53
Let b(l) = -l**2 - 20*l + 36. Let t = -50 + 53. Suppose -100 = t*i - 58. List the prime factors of b(i).
2, 3, 5
Suppose 26*i - 30*i - 5*x = -8161, -3*x + 8151 = 4*i. What are the prime factors of i?
2, 3, 113
List the prime factors of (-2423)/2*(-319 + 311).
2, 2423
Suppose 123*t = 79*t + 616. Let d(f) = 2*f**2 + 15*f + 39. List the prime factors of d(t).
641
Let x = -71 - -13. Let r be (-51)/(-42)*x + 15/35. List the prime factors of (r/(-7))/(-5)*390/(-4).
3, 5, 13
Let l(i) = -10*i**3 + 80*i**2 + 763*i - 56. List the prime factors of l(-11).
3, 37, 131
Suppose -2*r + 210 = 5*l, 4*l - 39 = -3*r + 129. Let i = -283 - -287. Suppose -i*x - 3*y + l = -97, -4*x + 154 = -2*y. List the prime factors of x.
37
Let y(h) = h**3 + 3*h**2 + 2*h + 3. Suppose -4*i - 6 = 14, 3*i + 21 = -3*n. Let r be y(n). Suppose 92 = r*b + b. List the prime factors of b.
23
Suppose p = 3*y + 5*p - 24, 3*y = -p + 15. Let x be (-2)/(-2) + 34 + y/4. Suppose f - x = -5*u + u, f - 4*u - 60 = 0. List the prime factors of f.
2, 3
Suppose -5*o = -o - 5*u - 599, 2*u = 5*o - 736. Let r be (12/(-9))/(4/(-6)). Suppose -r*h + o = 2*j, -3*h = -j - 172 - 63. What are the prime factors of h?
7, 11
Let w be (6 + -4 + 0)/((-1)/(-74)). Suppose -w = -5*y - 103. Suppose -y*o + 1012 = -149. What are the prime factors of o?
3, 43
Suppose 0 = 5*q + 19*g - 24*g + 120, -69 = 2*q + 5*g. What are the prime factors of -142*(q/(-12) + -1)*-6?
3, 5, 71
What are the prime factors of 2/(15 - 4910659/327379)?
25183
What are the prime factors of (-24036)/96*-136 - (-12 + 2)?
34061
Suppose -2*v + 0*n + 60 = 4*n, 4*v = -4*n + 108. Suppose -735 + 287 = -4*f. Let k = f + v. List the prime factors of k.
2, 17
Let l be 49/7 + 4 - -5. List the prime factors of (-3)/((-542)/1076 - (-8)/l).
3, 269
Let q(i) = 5*i**2 + 14*i - 2. Let x be q(-3). Let c = 37 + -35. Suppose 5*k - 86 = -j, c*k + x = k. What are the prime factors of j?
7, 13
Let l(h) = -h - 2. Let v(t) = -2*t - 4. Let n(p) = -p - 18. Let r be n(-12). Let g(y) = r*v(y) + 13*l(y). What are the prime factors of g(-8)?
2, 3
What are the prime factors of (-6)/((252/60168)/(-7))?
2, 23, 109
Suppose 0*v + 2*v = -5*f + 44, 0 = -2*f - 3*v + 22. Suppose 2*n - 528 = -f. What are the prime factors of n?
2, 5, 13
Suppose 1